2 + 883*l + 3262. Calculate s(-217).
7
Let x(k) = -2*k**2 - 26*k - 177. Give x(-8).
-97
Let i(m) = -6*m**3 + 75*m**2 - 27*m + 8. Calculate i(12).
116
Let g(s) = -s**3 + 17*s**2 + 18*s - 9. What is g(18)?
-9
Let g(k) = 2*k**2 + 12*k - 484. What is g(-19)?
10
Let m(s) = s**3 + 10*s**2 + 17*s + 59. What is m(-9)?
-13
Let y(r) = 2*r + 78. Calculate y(-11).
56
Let t(a) = -a**2 - 81*a - 523. Give t(-7).
-5
Let v(u) = -2*u**2 + 140*u - 95. What is v(69)?
43
Let x(s) = -2*s**2 + 39*s - 106. Give x(22).
-216
Let w(y) = 3*y**3 + 81*y**2 + 74*y - 27. Calculate w(-26).
77
Let y(o) = -7*o**3 + 64*o**2 - 7*o - 20. Determine y(9).
-2
Let g(i) = -262*i - 4454. Determine g(-17).
0
Let u(m) = 2*m**2 - 455*m - 4072. Calculate u(-9).
185
Let o(h) = 10*h**2 + 24*h - 95. Give o(4).
161
Let j(l) = l**3 + 38*l**2 + 212*l - 18. What is j(-7)?
17
Let l(z) = 2*z**3 - 21*z**2 + 30*z - 16. Determine l(7).
-149
Let m(o) = 108*o**2 - 17*o - 12. Calculate m(-1).
113
Let u(r) = 13*r - 156. Calculate u(16).
52
Let m(q) = -4*q**2 + 19*q - 60. Determine m(13).
-489
Let u(n) = 10*n**2 - 182*n + 39. Give u(18).
3
Let u(t) = 12*t**2 - 75*t - 34. Give u(7).
29
Let t(v) = -42*v**2 + 64*v - 110. Give t(3).
-296
Let s(f) = f**3 + 4*f**2 - 15*f + 7. What is s(-6)?
25
Let w(i) = i**2 + 4630*i + 124286. What is w(-27)?
5
Let o(p) = -p**3 - 21*p**2 - 21*p - 24. Give o(-20).
-4
Let f(y) = 85*y - 184. Determine f(2).
-14
Let h(w) = 2*w - 40. Determine h(-3).
-46
Let s(g) = -2*g**3 + 16*g**2 - 7*g - 25. Determine s(7).
24
Let u(f) = 9*f**2 - 517*f + 217. Give u(57).
-11
Let c(b) = -b**3 - 27*b**2 - 135*b + 43. Give c(-7).
8
Let z(s) = -s**2 + 210*s - 5109. What is z(28)?
-13
Let x(i) = -3*i**2 + 17*i + 2021. What is x(29)?
-9
Let v(h) = 6*h**2 + 127*h - 421. Give v(-24).
-13
Let u(l) = -30*l + 93. Determine u(3).
3
Let x(j) = 62*j**2 - 60*j - 60. Calculate x(-1).
62
Let h(z) = 29*z + 956. What is h(-25)?
231
Let d(h) = -6*h + 368. Calculate d(64).
-16
Let d(u) = -u**2 - 24*u + 8507. Calculate d(-105).
2
Let b(z) = z**3 - 67*z**2 + 1031*z + 4. Give b(24).
-20
Let p(u) = -2*u**3 - 134*u**2 - 148*u - 1064. What is p(-66)?
-8
Let a(k) = -2*k**3 + 350*k**2 + 384*k - 5663. What is a(176)?
-31
Let j(u) = 7*u**2 - 33*u + 25. What is j(3)?
-11
Let c(v) = 3*v - 1028. Determine c(33).
-929
Let w(x) = 231*x - 3674. What is w(16)?
22
Let o(x) = -x**2 - 11*x + 988. Give o(29).
-172
Let y(c) = 2*c**2 + 140*c - 3567. Give y(-90).
33
Let a(z) = -87*z + 1299. What is a(16)?
-93
Let f(y) = -23*y - 45. What is f(11)?
-298
Let l(y) = -349*y - 4525. What is l(-13)?
12
Let x(t) = 7*t**2 - 10*t + 12. Determine x(3).
45
Let j(i) = -i**2 - 8*i - 63. Determine j(-9).
-72
Let r(l) = 3*l - 127. Determine r(52).
29
Let b(j) = 2*j**3 - 45*j**2 - 23*j - 50. Calculate b(23).
-50
Let v(t) = -t**3 - 17*t**2 - 28*t - 7. What is v(-15)?
-37
Let q(i) = -55*i**2 - 276*i - 19. Determine q(-6).
-343
Let c(x) = -3*x**2 + 15*x + 40. Give c(6).
22
Let w(n) = 38*n + 1349. Calculate w(-36).
-19
Let v(w) = -5*w - 102. Calculate v(-40).
98
Let o(t) = -t**3 - 51*t**2 + 6*t + 304. Calculate o(-51).
-2
Let m(x) = -7*x**3 + 106*x**2 - 7*x - 100. What is m(15)?
20
Let g(f) = 6*f**2 - 13*f + 2. Calculate g(4).
46
Let t(v) = v**3 + 4*v**2 - 24*v - 53. Calculate t(-6).
19
Let q(p) = -4*p**3 + 6*p**2 + 20*p - 83. What is q(3)?
-77
Let q(p) = p**3 - p**2 - 90*p - 240. Calculate q(-7).
-2
Let l(w) = -18*w + 391. Give l(19).
49
Let a(c) = -4*c**2 - 12. Determine a(7).
-208
Let h(y) = y**2 - 1472*y - 5916. Determine h(-4).
-12
Let v(s) = -s**3 - 38*s**2 - 286*s - 12. Calculate v(-10).
48
Let v(m) = 73*m + 8. Calculate v(-5).
-357
Let w(z) = -163*z - 2794. What is w(-17)?
-23
Let h(w) = -4*w**2 + 14*w - 59. Calculate h(5).
-89
Let m(g) = -10*g - 802. Calculate m(-69).
-112
Let w(t) = -2*t**2 + 366*t - 731. Give w(2).
-7
Let z(m) = 8*m**3 + 3*m**2 + 10*m + 24. What is z(-4)?
-480
Let i(m) = 19*m**2 - 3067*m - 1788. Determine i(162).
-6
Let p(s) = -44*s + 1971. What is p(44)?
35
Let c(s) = -s**3 - 34*s**2 + 36*s + 75. Give c(-35).
40
Let x(r) = 2*r**3 + 16*r**2 + 5*r + 19. Determine x(-10).
-431
Let f(i) = 149*i + 1477. Give f(-10).
-13
Let d(w) = -38*w**2 - 7*w + 30. Give d(-1).
-1
Let b(y) = y**3 - 45*y**2 - 65*y - 1357. Calculate b(47).
6
Let x(k) = -126*k + 3516. Give x(28).
-12
Let o(h) = 4*h**3 - 46*h**2 + 9*h + 100. Give o(11).
-43
Let t(v) = v**3 + 28*v**2 + 18*v + 56. Give t(-27).
299
Let y(v) = 3*v**3 - 13*v**2 + 4*v + 5. Calculate y(4).
5
Let t(i) = -4*i**3 + 60*i**2 + 12*i - 21. What is t(15)?
159
Let y(h) = h**2 + 774*h + 5379. Calculate y(-7).
10
Let c(k) = k**2 - 186*k + 2082. Give c(12).
-6
Let g(r) = r**2 - 858*r + 12. Give g(0).
12
Let l(m) = 65*m - 44. What is l(2)?
86
Let r(m) = -8*m**3 + 28*m**2 - 13*m - 6. Give r(3).
-9
Let u(i) = 4*i**2 - 241*i - 3370. Give u(72).
14
Let c(k) = 237*k - 4273. What is c(18)?
-7
Let m(l) = l**3 + 25*l**2 - 57*l - 16. Calculate m(-27).
65
Let r(j) = -3*j**3 - 32*j**2 + 5*j - 64. What is r(-11)?
2
Let a(p) = -487*p - 13637. Determine a(-28).
-1
Let o(y) = -y**2 + 4*y + 95. Determine o(21).
-262
Let k(u) = -2*u - 96. Calculate k(11).
-118
Let b(v) = -115*v**2 + 79*v + 78. What is b(-1)?
-116
Let b(s) = -2*s**3 - 29*s**2 - 8*s + 75. Give b(-14).
-9
Let p(w) = 5*w**2 + 27*w + 20. Determine p(-6).
38
Let r(z) = 42*z - 142. Determine r(6).
110
Let v(x) = -50*x - 278. Determine v(-6).
22
Let a(z) = 30*z - 307. Calculate a(10).
-7
Let b(r) = -2*r**2 - 2*r + 55. Give b(-9).
-89
Let o(m) = m**3 - 189*m**2 - 13*m + 2449. What is o(189)?
-8
Let v(c) = c**3 + 26*c**2 + 27*c + 3. Give v(-25).
-47
Let t(m) = -133*m + 2947. Calculate t(22).
21
Let u(i) = 10*i**2 - 168*i + 170. Determine u(16).
42
Let o(b) = -3*b**2 - 58*b - 316. Give o(-9).
-37
Let r(u) = -154*u + 3071. Determine r(20).
-9
Let r(d) = -2*d**2 + 31*d + 704. What is r(-12)?
44
Let p(l) = -32*l**2 + 433*l + 203. Determine p(14).
-7
Let n(i) = 14*i**3 + 6*i**2 - 24*i + 15. Give n(2).
103
Let g(f) = 3*f**2 - 72*f + 202. What is g(6)?
-122
Let m(z) = -81*z + 2010. Calculate m(25).
-15
Let t(b) = 35*b + 64. Calculate t(-2).
-6
Let n(j) = -3*j**3 + 10*j**2 + 56*j - 126. What is n(2)?
2
Let x(q) = 408*q + 67. Give x(0).
67
Let f(v) = 2*v**2 - 4*v - 131. Give f(10).
29
Let j(v) = -172*v**2 + 353*v - 3. What is j(2)?
15
Let i(x) = x**3 - 14*x**2 + 32*x + 20. What is i(11)?
9
Let r(c) = -4*c**2 - 1273*c - 7802. Give r(-312).
-2
Let n(u) = u**2 + 223*u - 1602. Give n(7).
8
Let y(s) = -s**2 - 21*s + 32. What is y(-22)?
10
Let x(l) = 41*l - 89. Calculate x(7).
198
Let t(c) = -6*c**2 + 14*c - 44. Calculate t(8).
-316
Let h(z) = -2*z**3 + 7*z**2 + 6*z + 33. What is h(6)?
-111
Let z(h) = 4*h + 78. Give z(12).
126
Let u(r) = 8*r**2 + 17*r - 43. Determine u(3).
80
Let z(q) = -2*q**2 - 4*q + 1. What is z(-3)?
-5
Let n(u) = 17*u - 201. Calculate n(29).
292
Let i(k) = -7*k - 59. Determine i(-3).
-38
Let t(i) = 228*i - 877. What is t(4)?
35
Let q(b) = -b**2 - 13*b - 43. What is q(-8)?
-3
Let u(v) = -28*v - 17. What is u(-5)?
123
Let b(r) = -11*r**2 + 48*r - 105. Calculate b(2).
-53
Let z(s) = 64*s + 176. Give z(-3).
-16
Let i(u) = -3*u**3 + u**2 + u - 3. Calculate i(-2).
23
Let q(z) = z**3 + 8*z**2 + 2*z - 10. What is q(-7)?
25
Let a(v) = 2*v**3 - 7*v**2 + 284*v - 1158. Give a(4).
-6
Let z(t) = t**3 - 82*t**2 + 170*t - 804. Give z(80).
-4
Let x(f) = -129*f + 5634. What is x(44)?
-42
Let n(x) = -x**2 - 6*x + 498. Determine n(17).
107
Let p(t) = t**3 + 19*t**2 + 80*t + 75. Give p(-5).
25
Let c(d) = -1141*d - 7998. What is c(-7)?
-11
Let f(s) = 40*s**3 + 98*s**2 + 39*s + 1. Give f(-2).
-5
Let y(m) = -8*m**3 + 3*m**2 - 33*m - 76. Calculate y(-2).
66
Let o(a) = -2*a**3 - 62*a**2 - 119*a - 54. Calculate o(-29).
33
Let c(j) = -36*j**3 - 649*j**2 + 54*j + 1297. Calculate c(-18).
1
Let o(h) = -7*h - 131. Give o(-21).
16
Let f(x) = -x**2 - 47*x - 19. Give f(-47).
-19
Let b(p) = p**2 - 138. Give b(0).
-138
Let d(c) = -2172*c + 5. What is d(0)?
5
Let f(s) = s**3 - 37*s**2 + 210*s - 9. Give f(7).
-9
Let r(s) = 2*s**3 - 44*s**2 + 79*s - 7. Determine r(20).
-27
Let g(f) = -2*f**3 + 23*f**2 + 39*f - 23. Determine g(13).
-23
Let v(p) = -2*p**3 + 235*p**2 - 241*p - 12418. Determine v(116).
-6
Let w(v) = 2*v**2 + 445*v - 2212. Give w(5).
63
Let v(b) = -2463*b + 145320. What is v(59)?
3
Let 